7
What are the prime factors of 6482730?
2, 3, 5, 216091
What are the prime factors of 3651786765?
3, 5, 11, 353, 20899
What are the prime factors of 118865761?
7, 16980823
List the prime factors of 70953362.
2, 47, 193, 3911
List the prime factors of 121690823.
179, 679837
What are the prime factors of 2492958983?
23, 108389521
List the prime factors of 76733679.
3, 11, 2325263
What are the prime factors of 83974457?
7, 313, 38327
List the prime factors of 201206513.
12253, 16421
What are the prime factors of 2453319170?
2, 5, 245331917
What are the prime factors of 26182305?
3, 5, 193943
List the prime factors of 53149699.
79, 672781
List the prime factors of 449570292.
2, 3, 37464191
What are the prime factors of 178044822?
2, 3, 139, 71161
List the prime factors of 1202082863.
7369, 163127
What are the prime factors of 1410749795?
5, 7, 13, 3100549
List the prime factors of 577872721.
17, 751, 45263
List the prime factors of 92638816.
2, 101, 28663
List the prime factors of 624625248.
2, 3, 13, 500501
List the prime factors of 2313950884.
2, 7, 5879, 14057
List the prime factors of 41847911.
7, 854039
What are the prime factors of 1085322443?
37, 647, 45337
List the prime factors of 156484015.
5, 2657, 11779
List the prime factors of 78865450.
2, 5, 1577309
List the prime factors of 116177322.
2, 3, 19362887
List the prime factors of 3068885225.
5, 7, 19, 922973
List the prime factors of 367205978.
2, 7307, 25127
What are the prime factors of 46692197?
47, 993451
What are the prime factors of 176649682?
2, 11, 2789, 2879
List the prime factors of 1017798281.
1433, 710257
List the prime factors of 276777492.
2, 3, 23, 1002817
What are the prime factors of 6946987129?
31, 224096359
List the prime factors of 107202329.
13, 163, 50591
List the prime factors of 229353480.
2, 3, 5, 193, 3301
What are the prime factors of 229781684?
2, 11, 23, 47, 4831
List the prime factors of 44389996.
2, 7, 47, 89, 379
What are the prime factors of 780400797?
3, 11, 23648509
List the prime factors of 1668481625.
5, 2111, 6323
List the prime factors of 975304745.
5, 3319, 58771
List the prime factors of 354813703.
5563, 63781
What are the prime factors of 967363847?
10331, 93637
List the prime factors of 363040656.
2, 3, 11, 62507
What are the prime factors of 12957062?
2, 73, 88747
What are the prime factors of 2980137286?
2, 7, 212866949
What are the prime factors of 5755007578?
2, 2877503789
List the prime factors of 103391095.
5, 23, 131, 6863
List the prime factors of 686628234.
2, 3, 38146013
What are the prime factors of 64685492?
2, 16171373
List the prime factors of 114536588.
2, 191, 197, 761
List the prime factors of 327705747.
3, 109235249
What are the prime factors of 2842861?
7, 406123
What are the prime factors of 593558084?
2, 7, 21198503
List the prime factors of 2043035797.
11, 103, 1803209
List the prime factors of 96849488.
2, 6053093
What are the prime factors of 50704367?
7, 1034783
List the prime factors of 535600254.
2, 3, 7, 12752387
List the prime factors of 419688434.
2, 11, 283, 67409
List the prime factors of 23121096.
2, 3, 963379
What are the prime factors of 119193163?
971, 122753
What are the prime factors of 5300883956?
2, 2333, 568033
What are the prime factors of 55002930?
2, 3, 5, 1833431
What are the prime factors of 1066637754?
2, 3, 7, 13, 59, 283
What are the prime factors of 3985071238?
2, 1992535619
What are the prime factors of 621550663?
53, 59, 198769
What are the prime factors of 45761332?
2, 31, 107, 3449
What are the prime factors of 200574008?
2, 2801, 8951
List the prime factors of 90681677.
90681677
List the prime factors of 101998548.
2, 3, 944431
What are the prime factors of 4108022717?
37, 1123, 98867
List the prime factors of 24198682.
2, 12099341
What are the prime factors of 900882333?
3, 13, 7699849
List the prime factors of 5535524.
2, 1383881
List the prime factors of 2301724.
2, 575431
What are the prime factors of 749402394?
2, 3, 13, 311, 30893
What are the prime factors of 379641356?
2, 19, 4995281
List the prime factors of 336796456.
2, 42099557
What are the prime factors of 61758474?
2, 3, 19, 61, 83, 107
What are the prime factors of 34816127?
34816127
What are the prime factors of 524644352?
2, 23, 5569
List the prime factors of 3172633202.
2, 23, 193, 357359
List the prime factors of 204338914.
2, 13, 223, 2711
What are the prime factors of 1053581714?
2, 526790857
What are the prime factors of 32429486?
2, 271, 59833
What are the prime factors of 74723743?
2837, 26339
List the prime factors of 207548713.
1583, 131111
List the prime factors of 79358811.
3, 7, 73, 51767
List the prime factors of 53215879.
37, 1438267
What are the prime factors of 3643765075?
5, 1553, 93851
List the prime factors of 2697591572.
2, 13, 51876761
List the prime factors of 32515015.
5, 13, 500231
What are the prime factors of 41883289?
7, 211, 4051
List the prime factors of 3661651453.
61, 2309, 25997
What are the prime factors of 1227881755?
5, 739, 332309
What are the prime factors of 160488781?
160488781
What are the prime factors of 1407466820?
2, 5, 70373341
What are the prime factors of 3125345848?
2, 31, 12602201
List the prime factors of 110329032.
2, 3, 11, 41, 10193
List the prime factors of 2202775284.
2, 3, 71, 2585417
List the prime factors of 1088261351.
601, 1810751
What are the prime factors of 6825076?
2, 727, 2347
What are the prime factors of 5427865960?
2, 5, 11, 37, 9011
What are the prime factors of 219477635?
5, 13, 3376579
List the prime factors of 1757598329.
17, 103388137
What are the prime factors of 63214810?
2, 5, 23, 274847
List the prime factors of 4328546730.
2, 3, 5, 1039, 138869
List the prime factors of 1652373206.
2, 11, 75107873
What are the prime factors of 204522685?
5, 283, 144539
List the prime factors of 379868952.
2, 3, 569, 27817
List the prime factors of 4326688190.
2, 5, 11, 17, 487, 4751
What are the prime factors of 56452144?
2, 7, 59, 8543
What are the prime factors of 73186206?
2, 3, 12197701
What are the prime factors of 5572628167?
5572628167
List the prime factors of 702836336.
2, 773, 56827
What are the prime factors of 273045766?
2, 7, 19503269
List the prime factors of 1873023332.
2, 139, 3368747
List the prime factors of 53500960.
2, 5, 19, 17599
List the prime factors of 433880896.
2, 53, 127913
What are the prime factors of 32396032?
2, 126547
List the prime factors of 404651246.
2, 19, 31, 431, 797
What are the prime factors of 29030265?
3, 5, 11, 113, 173
What are the prime factors of 2140030511?
4007, 534073
List the prime factors of 293857502.
2, 149, 409, 2411
What are the prime factors of 3857163837?
3, 19, 67669541
What are the prime factors of 12364620?
2, 3, 5, 206077
What are the prime factors of 48900674?
2, 383, 63839
List the prime factors of 128251619.
31, 4137149
List the prime factors of 8918853.
3, 41, 59, 1229
What are the prime factors of 2489296457?
19, 151, 867653
List the prime factors of 5300667.
3, 137, 1433
List the prime factors of 7619882991.
3, 7, 4297, 84443
What are the prime factors of 806552836?
2, 201638209
List the prime factors of 259704472.
2, 32463059
List the prime factors of 59638098.
2, 3, 13, 764591
What are the prime factors of 28517521?
131, 217691
What are the prime factors of 7378963859?
2617, 2819627
List the prime factors of 115387590.
2, 3, 5, 283, 13591
List the prime factors of 51007423.
37, 1378579
What are the prime factors of 3586079937?
3, 11, 23, 89, 53087
List the prime factors of 5459006243.
47, 6691, 17359
List the prime factors of 135335893.
7, 11, 251087
List the prime factors of 3480774337.
3480774337
List the prime factors of 28393268.
2, 1307, 5431
What are the prime factors of 181144407?
3, 53, 1139273
List the prime factors of 141329858.
2, 379, 186451
List the prime factors of 32049666.
2, 3, 11, 157, 1031
What are the prime factors of 186847779?
3, 62282593
What are the prime factors of 57955701?
3, 43, 449269
What are the prime factors of 138840718?
2, 127, 546617
List the prime factors of 77041130.
2, 5, 2029, 3797
List the prime factors of 3392696165.
5, 709, 957037
What are the prime factors of 943709070?
2, 3, 5, 67, 653, 719
What are the prime factors of 1356700?
2, 5, 13567
What